 + b. Calculate the highest common factor of d and 12.
6
Let g(q) = -q + 7. Let x be g(-5). Let m be (-5 + x)*(-3)/(-1). What is the greatest common divisor of 3 and m?
3
Let v = -89 - -99. What is the highest common factor of 60 and v?
10
Suppose 0*g - 3*g - 3*l = -33, 4*g - l - 69 = 0. Calculate the highest common factor of g and 24.
8
Let w(o) = -4*o**3 + 10*o**2 + o + 9. Let j(i) = -i**3 + i**2 - i. Let r(n) = 5*j(n) - w(n). Let z be r(-6). Calculate the greatest common factor of 9 and z.
9
Suppose -5*w + d + 0*d + 29 = 0, 2*d = -4*w + 12. Suppose 9 = x + 2*v, -w*x + 15 = 5*v - 45. What is the highest common factor of x and 165?
15
Let f be (-8)/(-60)*-6 + 72/15. What is the greatest common factor of 12 and f?
4
Let j be (-9 - -9)/(2/1). Suppose j = -m - 2*m + 75. What is the greatest common factor of 25 and m?
25
Suppose 3*q - 28 - 26 = 0. Suppose q = 2*f + 2*c, f + c = 2*c - 1. Suppose l = 5*m + 35, 91 = -f*l - m + 315. Calculate the highest common factor of l and 22.
11
Let i(w) be the first derivative of 25/4*w**4 + 0*w**3 + w - 3 - 1/2*w**2. Let g be i(1). What is the highest common divisor of 10 and g?
5
Suppose -5*m = 2*q - 15, -3*m - 3*q + 3 = -6. Suppose -2*a = -5*b - 2 - 71, -3*b = m*a - 57. What is the highest common divisor of 12 and a?
12
Suppose -24 = 4*l - 7*l. Let j be l/(((-9)/(-6))/3). Calculate the greatest common divisor of j and 8.
8
Let d be 0 - 1*(4 + -2). Let i be (d - -1)/(1/(-1)). Let t be (-30)/(-8) + i/4. What is the highest common factor of t and 10?
2
Let o(s) = -3*s + 8. Let m be o(6). Let u = 0 - 4. Let a be m/u*8/5. Calculate the greatest common divisor of 20 and a.
4
Suppose -4*t + 0*w - 4*w + 212 = 0, 5*w - 216 = -4*t. Let i be t - (1 - 3 - -1). What is the greatest common divisor of i and 10?
10
Let d = -9 - -23. Suppose -90 = -5*l + 3*h, 31 = 2*l - l + 2*h. Let w = l + 21. What is the greatest common divisor of w and d?
14
Let r(g) = 2*g + 1. Let c = 3 + -5. Let b be r(c). Let s be (b + (-75)/(-9))*3. What is the highest common factor of s and 32?
16
Suppose -26*u + 2*p - 24 = -27*u, 2*u - 48 = -2*p. Suppose -3*j + 72 = -0*j. What is the greatest common divisor of j and u?
24
Let m be 0 + -2 + (-2)/(-1). Let y be (-2 - m)*(-20)/2. Calculate the greatest common divisor of y and 10.
10
Let h = 47 + -24. Suppose j + 506 = 3*j. What is the greatest common divisor of j and h?
23
Let c(a) = 18*a**2. Let f be c(-2). Let v = -4 + f. Calculate the highest common divisor of v and 17.
17
Let i(j) = -6*j**2 - 3*j + 51. Let k(f) = -3*f**2 - f + 26. Let p(z) = -4*i(z) + 7*k(z). Let c be p(-7). What is the greatest common factor of 10 and c?
10
Let w = 31 - 7. Suppose 4*g + 0*g = w. Calculate the highest common divisor of 42 and g.
6
Let y(x) = 103*x + 1. Let b(j) = j + 1. Let d be b(1). Let a be y(d). What is the highest common divisor of a and 23?
23
Let f be 9/(-63) + (-57)/(-7). What is the greatest common divisor of f and 48?
8
Let s(v) = 5*v - 7. Let d be s(5). What is the greatest common factor of d and 108?
18
Suppose -5*k + 362 + 128 = 2*d, k = -5*d + 75. What is the greatest common divisor of 40 and k?
20
Suppose 3*j - 1 = 2. Let g be (3 + -2)*j*26. Let r = g - 14. Calculate the highest common divisor of 6 and r.
6
Let p be (-6)/15*(-21 + -4). Calculate the highest common factor of p and 2.
2
Let x(o) = 20*o**2 + 2*o - 6. Let g be x(-3). Let l = 26 + -5. What is the greatest common factor of l and g?
21
Let c(y) = -y**2 + 13*y + 9. Let h be c(11). Let i = h - 4. What is the highest common factor of i and 3?
3
Let q be (6/8)/((-3)/(-36)). Let d be (-4 - q)*(0 + -1). Suppose 5*p = 307 + d. Calculate the greatest common divisor of p and 16.
16
Let o(i) = -66*i - 2. Let x be o(3). Let m = x + 354. Let a be 2/(-5) - m/(-35). What is the greatest common factor of a and 16?
4
Suppose -5*p + 3*p + 8 = 0. Let c = 6 + -1. Suppose -c*q + 3*q = -8. What is the highest common divisor of p and q?
4
Let z = 7 + -10. Let x be (-1 - z)*(0 + 1). Let m be (-84)/(-8)*(-8)/(-6). What is the highest common divisor of m and x?
2
Suppose -3*q + q + 184 = 0. Suppose 4*g - 155 = -5*r - 49, 4*g - q = 2*r. What is the highest common factor of 8 and g?
8
Let f be -2*4/((-24)/(-27)). Let n = 14 + f. What is the greatest common divisor of 15 and n?
5
Suppose 4 + 0 = -4*i. Let b be (-4 + (-1 - i))*-1. Suppose -3*s + 2 = -b. What is the greatest common divisor of 1 and s?
1
Suppose -3*m + 5*m = 3*v + 195, 2*v - 273 = -3*m. Let d = m - 21. Calculate the greatest common factor of 9 and d.
9
Suppose 98 = 3*m - d, 3*d - 176 = -5*m - 22. Calculate the highest common divisor of m and 8.
8
Let n = -1 - -1. Let j be 121/(1 - (n - 0)). Calculate the highest common factor of 11 and j.
11
Let l(r) = -13*r**3 - 5*r**2 + 4. Let c be l(-2). Calculate the highest common divisor of c and 22.
22
Let y = 1 - 2. Let b be 8*(y + (0 - -2)). What is the highest common divisor of 48 and b?
8
Let c(u) = -u**3 + 11*u**2 - 16*u + 1. Let m be c(9). Suppose 3*d + 5*v - 384 = -0*v, -3*v - 9 = 0. What is the greatest common divisor of d and m?
19
Let w = 19 - 10. Let l be (2 + 15/6)*6. What is the highest common divisor of w and l?
9
Let x = 93 - 76. Let y = 27 - 10. What is the greatest common divisor of x and y?
17
Let g(l) = l**3 + 8*l**2 + 9*l + 2. Let d be g(-6). Calculate the highest common factor of d and 10.
10
Let w = -6 - -8. Suppose -x = -3*x + 3*u - w, -4*x = -5*u + 6. Let v be 3/(-6) + (-310)/x. Calculate the greatest common factor of 11 and v.
11
Let u = 115 + 21. What is the greatest common divisor of u and 17?
17
Suppose 0 = -y - y + 6. Suppose -7*c = 21*c - 420. What is the highest common factor of c and y?
3
Let k be (-36)/10*10*5/(-20). Suppose 0*t + 2 = -t. Let h(r) = -2*r**3 + r**2 + r. Let q be h(t). Calculate the greatest common divisor of q and k.
9
Let k = 35 + -25. Let t(w) = w + 18. Let y be t(-14). What is the greatest common factor of k and y?
2
Suppose -4*f + 4*r - 9 = -1, -5*f = -2*r - 5. Suppose t + 2*h = 4*t - 474, -f*t - 2*h = -486. Let g = 75 + -55. What is the highest common divisor of t and g?
20
Suppose 0 = 5*r + 25, -r = -5*m + 3*r + 130. Let v = m - 15. Calculate the highest common factor of v and 63.
7
Let a(c) = -c**2 + 4*c. Let g be a(3). Suppose g*p = -5*s + 7*p + 125, -3*p = 15. What is the highest common divisor of s and 3?
3
Let w(u) = u**3 + u**2 - u - 1. Let l be w(2). Suppose 5*h = v + 15 - 110, 3*v - 5*h - 275 = 0. Calculate the highest common divisor of l and v.
9
Suppose -3*a - 79 - 26 = -3*s, -3*s - 4*a + 112 = 0. Calculate the highest common factor of s and 72.
36
Let u be (-78)/(-4) + 4/8. Suppose -4*b = 8 - 40. Suppose -3*t + 5*x - 15 = -2*t, 0 = -2*x + b. What is the highest common divisor of t and u?
5
Suppose 9*l - 4*l - 5*k = 70, 5*l - 68 = 4*k. Calculate the greatest common divisor of l and 3.
3
Let z(w) = 2*w**2 - 6*w + 2. Let r be z(5). Calculate the greatest common factor of r and 11.
11
Let z be (-114)/(-30) + (-1)/(-5). Suppose -m - z = -11. Suppose 2*x + 1 = m. What is the greatest common divisor of 24 and x?
3
Suppose o - 1 = 14. Let p(m) = -4*m - 3. Let y be p(-2). Calculate the highest common divisor of y and o.
5
Suppose -4*x + 0*x + 72 = 0. Suppose -4*m + 4*n + 51 = -145, 3*m - 142 = 4*n. What is the greatest common factor of x and m?
18
Suppose 6*h - 45 = h. Let p be 4/6 - (-192)/h. Calculate the greatest common factor of p and 33.
11
Suppose 5*i = -0 - 5, 0 = -3*x - 2*i + 28. Suppose c = -3, p - 5*c = x + 5. Let d = 8 + p. What is the greatest common factor of d and 56?
8
Let k(h) = -h**3 - 2*h**2 + 2*h + 4. Let w be k(-4). Let g be (84/(-1))/((66/(-8))/11). Calculate the highest common factor of g and w.
28
Let t = 168 + -69. Let i be 5*(-2 + 38/10). Calculate the greatest common factor of t and i.
9
Let k(l) = -l**3 - 14*l**2 - 15*l - 16. Let t be k(-13). Calculate the highest common divisor of t and 10.
10
Suppose -5*x + 15 = 0, u - 2*x = -0*x + 104. Calculate the greatest common divisor of u and 10.
10
Let x(f) = -8*f - 16. Let v be x(-7). Calculate the greatest common divisor of v and 8.
8
Let r be (1/3)/(3/27). Suppose 0 = r*l + 86 + 34. Let m be (1*5)/((-5)/l). Calculate the greatest common factor of m and 5.
5
Suppose -92 = -4*p + 84. Let d(a) = -a**2 - 3*a + 2. Let k be d(-2). Calcu